hen 643 is divided by 2?
1
Calculate the remainder when 142 is divided by 46.
4
Calculate the remainder when 360 is divided by 96.
72
Calculate the remainder when 1632 is divided by 71.
70
Calculate the remainder when 80 is divided by 58.
22
Calculate the remainder when 1040 is divided by 31.
17
Calculate the remainder when 165 is divided by 119.
46
What is the remainder when 69 is divided by 28?
13
What is the remainder when 5668 is divided by 70?
68
What is the remainder when 11437 is divided by 20?
17
What is the remainder when 172 is divided by 13?
3
What is the remainder when 727 is divided by 205?
112
What is the remainder when 112 is divided by 22?
2
What is the remainder when 1590 is divided by 43?
42
Calculate the remainder when 321 is divided by 23.
22
Calculate the remainder when 564 is divided by 31.
6
Calculate the remainder when 241 is divided by 6.
1
Calculate the remainder when 237 is divided by 18.
3
Calculate the remainder when 31883 is divided by 13.
7
Calculate the remainder when 43 is divided by 23.
20
What is the remainder when 996 is divided by 372?
252
What is the remainder when 549 is divided by 35?
24
What is the remainder when 75 is divided by 5?
0
Calculate the remainder when 619 is divided by 15.
4
What is the remainder when 176 is divided by 61?
54
Calculate the remainder when 35 is divided by 22.
13
Calculate the remainder when 2754 is divided by 24.
18
What is the remainder when 41 is divided by 23?
18
What is the remainder when 586 is divided by 152?
130
Calculate the remainder when 3396 is divided by 100.
96
Calculate the remainder when 34 is divided by 26.
8
Calculate the remainder when 234 is divided by 7.
3
What is the remainder when 2903 is divided by 27?
14
Calculate the remainder when 14692 is divided by 49.
41
What is the remainder when 249 is divided by 92?
65
What is the remainder when 128 is divided by 26?
24
Calculate the remainder when 116 is divided by 7.
4
Calculate the remainder when 1104 is divided by 13.
12
What is the remainder when 62 is divided by 9?
8
What is the remainder when 151 is divided by 8?
7
What is the remainder when 104 is divided by 18?
14
What is the remainder when 2057 is divided by 49?
48
Calculate the remainder when 58 is divided by 6.
4
Calculate the remainder when 5083 is divided by 113.
111
What is the remainder when 8463 is divided by 46?
45
What is the remainder when 17 is divided by 11?
6
Calculate the remainder when 139 is divided by 10.
9
What is the remainder when 990 is divided by 246?
6
What is the remainder when 68 is divided by 27?
14
What is the remainder when 46 is divided by 39?
7
What is the remainder when 259 is divided by 113?
33
What is the remainder when 277 is divided by 70?
67
What is the remainder when 26567 is divided by 41?
40
What is the remainder when 4968 is divided by 199?
192
Calculate the remainder when 84 is divided by 33.
18
Calculate the remainder when 15358 is divided by 16.
14
What is the remainder when 253 is divided by 91?
71
What is the remainder when 1363 is divided by 115?
98
What is the remainder when 4563 is divided by 11?
9
What is the remainder when 10279 is divided by 7?
3
Calculate the remainder when 566 is divided by 181.
23
Calculate the remainder when 2695 is divided by 387.
373
What is the remainder when 987 is divided by 113?
83
What is the remainder when 18 is divided by 7?
4
Calculate the remainder when 3721 is divided by 926.
17
What is the remainder when 456 is divided by 27?
24
Calculate the remainder when 42 is divided by 2.
0
What is the remainder when 1952 is divided by 22?
16
Calculate the remainder when 515 is divided by 221.
73
Calculate the remainder when 3407 is divided by 142.
141
Calculate the remainder when 140 is divided by 47.
46
Calculate the remainder when 2062 is divided by 129.
127
What is the remainder when 179 is divided by 20?
19
What is the remainder when 3994 is divided by 1330?
4
What is the remainder when 168 is divided by 44?
36
Calculate the remainder when 184 is divided by 99.
85
Calculate the remainder when 2793 is divided by 22.
21
Calculate the remainder when 3863 is divided by 53.
47
Calculate the remainder when 1399 is divided by 463.
10
What is the remainder when 157 is divided by 2?
1
Calculate the remainder when 77 is divided by 63.
14
What is the remainder when 1022 is divided by 57?
53
Calculate the remainder when 238 is divided by 9.
4
What is the remainder when 609 is divided by 77?
70
Calculate the remainder when 381 is divided by 20.
1
Calculate the remainder when 3876 is divided by 44.
4
What is the remainder when 1195 is divided by 451?
293
What is the remainder when 236 is divided by 88?
60
What is the remainder when 40 is divided by 17?
6
What is the remainder when 27 is divided by 26?
1
What is the remainder when 305 is divided by 6?
5
What is the remainder when 1674 is divided by 35?
29
Calculate the remainder when 22 is divided by 9.
4
Calculate the remainder when 50 is divided by 39.
11
Calculate the remainder when 699 is divided by 10.
9
What is the remainder when 1669 is divided by 79?
10
Calculate the remainder when 8757 is divided by 120.
117
What is the remainder when 9749 is divided by 65?
64
What is the remainder when 7562 is divided by 61?
59
What is the remainder when 470 is divided by 402?
68
What is the remainder when 169 is divided by 3?
1
What is the remainder when 2146 is divided by 12?
10
What is the remainder when 14937 is divided by 194?
193
Calculate the remainder when 493 is divided by 162.
7
Calculate the remainder when 554 is divided by 22.
4
What is the remainder when 2685 is divided by 64?
61
Calculate the remainder when 321 is divided by 83.
72
Calculate the remainder when 339 is divided by 85.
84
What is the remainder when 709 is divided by 325?
59
What is the remainder when 773 is divided by 2?
1
What is the remainder when 504 is divided by 127?
123
What is the remainder when 21 is divided by 20?
1
What is the remainder when 25971 is divided by 54?
51
Calculate the remainder when 330 is divided by 9.
6
Calculate the remainder when 294 is divided by 86.
36
Calculate the remainder when 491 is divided by 102.
83
Calculate the remainder when 60 is divided by 24.
12
Calculate the remainder when 711 is divided by 12.
3
What is the remainder when 43 is divided by 15?
13
Calculate the remainder when 463 is divided by 275.
188
What is the remainder when 2714 is divided by 9?
5
Calculate the remainder when 691 is divided by 77.
75
Calculate the remainder when 1276 is divided by 61.
56
Calculate the remainder when 9925 is divided by 33.
25
What is the remainder when 83 is divided by 43?
40
Calculate the remainder when 100 is divided by 37.
26
What is the remainder when 99 is divided by 87?
12
What is the remainder when 135 is divided by 28?
23
Calculate the remainder when 28 is divided by 10.
8
What is the remainder when 90 is divided by 74?
16
What is the remainder when 52766 is divided by 17?
15
What is the remainder when 224 is divided by 216?
8
Calculate the remainder when 1049 is divided by 80.
9
Calculate the remainder when 8923 is divided by 18.
13
What is the remainder when 77 is divided by 38?
1
Calculate the remainder when 548 is divided by 112.
100
What is the remainder when 539 is divided by 134?
3
Calculate the remainder when 530 is divided by 30.
20
What is the remainder when 307 is divided by 189?
118
Calculate the remainder when 142 is divided by 41.
19
What is the remainder when 50 is divided by 19?
12
Calculate the remainder when 989 is divided by 18.
17
Calculate the remainder when 6929 is divided by 210.
209
Calculate the remainder when 142 is divided by 14.
2
What is the remainder when 281 is divided by 105?
71
Calculate the remainder when 1084 is divided by 31.
30
What is the remainder when 1778 is divided by 99?
95
Calculate the remainder when 399 is divided by 113.
60
Calculate the remainder when 89 is divided by 15.
14
What is the remainder when 836 is divided by 56?
52
Calculate the remainder when 1122 is divided by 24.
18
What is the remainder when 2799 is divided by 25?
24
Calculate the remainder when 2494 is divided by 39.
37
What is the remainder when 172 is divided by 14?
4
Calculate the remainder when 2591 is divided 